6*s + 10. Let o(y) = 3*h(y) - 5*v(y). Give o(g).
-4
Suppose 4 = 2*i - 3*r - r, 35 = -5*i - 5*r. Let l(s) = 3*s**2 + 0*s - 3*s + 122192 + s**3 - 122193. Give l(i).
-5
Let h(b) = -3*b**2 + 59*b - 110. Let z be h(2). Let j(q) = -9*q - 37. Determine j(z).
-1
Suppose 185 = -10*a - 128 + 13. Let v(b) = b**2 + 28*b - 18. Give v(a).
42
Let c(q) be the third derivative of -q**5/60 + q**4/6 + 19*q**3/3 + q**2 + 7577*q. What is c(8)?
6
Let l(d) = d**2 + 11*d + 19. Let a be l(-3). Let u(z) = z**2 + 3*z - 8. What is u(a)?
2
Suppose 3 = 40*k - 37*k - 4*j, 9 = -k + 3*j. Let a(t) = t**2 - t - 85. Calculate a(k).
-13
Let s(t) be the third derivative of 13*t**4/24 + 45*t**3 + 17*t**2 + t - 118. What is s(-21)?
-3
Let g(p) = -2*p + 109. Suppose -5*m + 6 = -4*r - 4, 0 = -4*r - 3*m + 6. Calculate g(r).
109
Suppose 18 = 3*o - 5*o + 4*x, 13 = -2*o + 3*x. Let n be o + (-1 - (0 + -1)). Let s(t) be the third derivative of t**4/12 + 2*t**2 - 56*t. What is s(n)?
2
Let r(q) = 3*q**2 - 1273*q - 2546. Let f be r(-2). Let x(a) = 4*a - 51. Give x(f).
-3
Let d(x) be the second derivative of -x**5/20 + x**4/12 - x**3/6 - x**2 + x. Suppose -57*w = -68*w. Calculate d(w).
-2
Let l(d) = -5*d - 31. Suppose 5*i + 3*p + 60 = 14, 5*p - 59 = 4*i. Let v be l(i). Let r(x) = -v + 26 + x + 0*x**2 - x**2. Give r(-3).
-10
Let u(p) = -p**3 + 28*p**2 - 69*p - 148. Let i be u(25). Let x(w) = -16*w + 25. What is x(i)?
-7
Let v(n) = -2*n**3 - 9*n**2 - 12*n - 29. Let u be v(-4). Let c(h) be the third derivative of -h**6/120 + h**5/20 - h**4/6 + h**3 + 22*h**2. What is c(u)?
-6
Let z(c) be the third derivative of -c**8/6720 - c**7/840 + c**5/60 + 17*c**4/8 - c**2 - 3*c. Let f(n) be the second derivative of z(n). Give f(-3).
2
Let z(q) be the third derivative of -7*q**4/24 - 29*q**3/6 - 103*q**2. Let l(c) = -7*c - 28. Let i(r) = 5*l(r) - 6*z(r). Determine i(-4).
6
Let b(w) be the first derivative of w**3/3 - 9*w**2/2 + 12*w - 2466. Determine b(8).
4
Let c(x) be the first derivative of -3*x**2 - 52*x - 4940. What is c(-5)?
-22
Let v(h) = h - 11. Let r(d) = 5*d**2 + 24*d - 51. Let a(k) = -11*k**2 - 49*k + 102. Let z(m) = 6*a(m) + 13*r(m). Let o be z(14). Calculate v(o).
-6
Suppose -64 = 3*g - 4*l, -46 - 14 = 4*g + l. Let n = -97 - g. Let a = n + 90. Let t(f) = -f**3 + 10*f**2 - 10*f + 12. Determine t(a).
3
Let q(t) be the third derivative of -t**5/6 + 13*t**4/8 - 2*t**3/3 - 296*t**2 + 3*t. Calculate q(4).
-8
Let v(r) = 9*r - 3. Let y be 6/(3/(-36)*-9). Suppose 47 + 9 = y*s. Let t(w) = 4*w - 1. Let i(q) = s*t(q) - 3*v(q). What is i(-4)?
-2
Let l(q) = 4*q + 85. Suppose -910 = 198*v - 163*v. Give l(v).
-19
Let b(p) = 60*p - 3777. Let q be b(63). Let u(i) = -2*i**3 + 5*i + 3. What is u(q)?
-36
Let u(b) be the second derivative of b**3/6 - b**2/2 - 2*b. Suppose 3*h + 2*c - 7 = 0, -34*h + 33*h - 3*c = 0. Calculate u(h).
2
Let m = 1998 - 2012. Let q(o) = -17*o - 236. Determine q(m).
2
Let j(t) be the first derivative of 8*t**2 + 8*t - 711. Give j(0).
8
Let x(p) = p**3 - p**2 - p + 1. Let h = 440 + -431. Let m = 10 - -6. Suppose -n + h*n = m. What is x(n)?
3
Let w(j) be the first derivative of j**4/2 + 23*j**3/3 + 6*j**2 + 14*j - 589. What is w(-11)?
3
Let q(m) = m**3 + 1. Let f(l) = 5*l**3 + 4*l**2 + 2*l + 4. Let n(z) = f(z) - 4*q(z). Let x(s) = 14*s + 25. Let h be x(-2). What is n(h)?
3
Let a(g) = -g**2 + 12*g - 9. Let i(n) = 6*n - 3. Let t be i(-9). Let x be (-38250)/561 + 2/11. Let w = t - x. What is a(w)?
2
Let m(g) be the first derivative of 3 + 1/3*g**3 + 0*g - 25/2*g**2 - 1/24*g**4. Let v(c) be the second derivative of m(c). Determine v(6).
-4
Let s(h) = h**3 - 2*h - 9. Suppose 60*p + n + 1 = 58*p, 19 = 4*p + 5*n. Give s(p).
-65
Let h(u) = 1 + 3*u**3 + 3*u**2 + 121*u - 3*u**3 + 0*u**3 - 118*u + 4*u**3. Let l = -35 + 33. Determine h(l).
-25
Let q(a) = -a**3 + 6*a**2 + 7*a + 6. Let v = 417 + -431. Let h be ((-62)/(-124))/((-1)/v). Calculate q(h).
6
Let t = 9 - 15. Let z(q) = 0*q**3 - 233578*q**2 + 0*q**3 + 2*q**3 - 2*q - q**3 + 7*q + 233584*q**2. Give z(t).
-30
Suppose 3*i - 6 = 0, 2*s + 5*i - 22 = 48. Let v be (-2)/5 - 108/s. Let r(p) = -2*p**3 + 0 + 40*p + 3*p**2 - 42*p + 3*p**3 + 2. Determine r(v).
-6
Let g(a) = 2*a**3 - 24*a**2 + 12*a + 41. Let b(x) = x**3 - 12*x**2 + 9*x + 21. Let w(k) = -5*b(k) + 3*g(k). Determine w(12).
-90
Let g(u) = u**3 - 7*u**2 - 8*u + 5. Let t = 75 + -73. Suppose 4*y - 2*a - 32 = t*a, -4*y = -3*a - 32. Determine g(y).
5
Suppose 32 + 1 = 4*k - 3*t, 5*t - 41 = -4*k. Let n(u) = 4 + k*u - u**3 + u - 8*u. Determine n(3).
-17
Let f(j) be the third derivative of -j**5/30 + j**4/6 - j**3/3 - 12*j**2. Suppose -12 = -p - 2*s, 2*p + 6*s - 4 = 7*s. What is f(p)?
-18
Suppose 5*l = -4*v + 44, 4*v - 5 = 3*l + 71. Let t(h) = 6*h - 86. Give t(v).
10
Let i(b) = 8*b - 2. Let u = -8589 - -8597. Give i(u).
62
Let k(j) = 7*j - 13. Let f be 6/(-1)*3/9. Let d(b) = -3*b + 6. Let p(v) = f*k(v) - 5*d(v). Let s be p(-2). Let r(m) = -m**2 - 8*m. Calculate r(s).
12
Let x(g) = 62*g. Let i be ((-64)/(-288))/((-4)/(-18)). Calculate x(i).
62
Suppose -9*s = 13*s - 110. Let d(o) = -6*o + 3. Let n(j) = 7*j - 3. Suppose -3*r - 12 = 3*u, 0*r = -r + 1. Let l(z) = u*d(z) - 4*n(z). Determine l(s).
7
Suppose w + 6 = 2*d, -67*d + 63*d + 16 = 0. Let v(c) = -11*c**3 - c + 0*c + 46 - 46 - c**w. Let l be (1/(-2))/(3/6). Give v(l).
11
Let s(j) be the third derivative of j**5/60 + 2*j**4/3 + 8*j**3/3 + 107*j**2. Determine s(-15).
1
Let w(q) = 11*q**3 + 162*q**2 - 180*q - 230. Let x(s) = s**3 + 16*s**2 - 18*s - 23. Let a(t) = 2*w(t) - 21*x(t). What is a(10)?
3
Let l = 1888 - 1886. Let z(g) be the third derivative of 2*g**l + 3/2*g**3 - 1/4*g**4 + 0*g + 0 + 1/60*g**5. Calculate z(6).
9
Let w(q) be the third derivative of -q**7/840 + q**6/120 - q**5/120 + q**4/8 + 15*q**3/2 - 59*q**2. Let p(o) be the first derivative of w(o). Give p(3).
0
Let m be (1 - 2/10)/(2/(-10)). Let p be ((-1)/(-3)*m)/((-56)/(-336)). Let u(h) = h**3 + 7*h**2 - 5*h. Calculate u(p).
-24
Let h(a) = -a + 15. Let v = 3810 + -3819. What is h(v)?
24
Let f(u) = 6*u**2 - 8*u - 10. Let p(m) = -16*m**2 + 18*m + 20. Let h(y) = 5*f(y) + 2*p(y). Give h(-5).
-40
Suppose -3*t + 4*r - 6 = 0, 175*t - 3*r - 39 = 180*t. Let d(b) be the third derivative of -b**5/30 - 13*b**4/24 - 3*b**3/2 + 8*b**2. Calculate d(t).
-3
Suppose -2*i = -6*r + r - 2613, -3*i + 12 = 0. Let t = r - -527. Let x(b) = -b**2 + 6*b + 7. What is x(t)?
7
Let q(z) = -75*z**2 + 39*z - 116. Let x(k) = -22*k**2 + 11*k - 33. Let c(a) = 5*q(a) - 17*x(a). Give c(9).
-28
Let t(j) be the third derivative of -j**6/60 - 7*j**5/60 + j**4/6 - 2*j**2 - 42*j + 2. Give t(-4).
0
Let h(w) be the third derivative of -w**6/120 - 3*w**5/20 - w**4/4 - 11*w**3/6 - w**2. Suppose 0 = -81*b + 135*b - 68*b - 112. Determine h(b).
-27
Suppose 3 = r + 3*f, 3*r + 9 = -0*r - 3*f. Let j(h) = -2*h**2 - 16*h - 15. Determine j(r).
9
Let x = 7 - 5. Let k(f) = -5 - 3*f + f**2 + 6 + 0*f**x. Suppose 2*w + 3*s = -1, -10 = -24*w + 23*w + 2*s. Determine k(w).
5
Let c(u) = -5*u - 57. Let x = -5073 + 5061. What is c(x)?
3
Let b(w) = -2*w**3 - 20*w**2 - 5*w - 48. Let t be b(-10). Let h(p) = 67 + p - t*p - 72. What is h(-13)?
8
Let g(b) be the first derivative of -b**5/120 + 2*b**3/3 - 3. Let n(c) be the third derivative of g(c). Let x(z) = -20*z + 100. Let h be x(5). Give n(h).
0
Let g(y) = 21*y - 1726. Let p be g(82). Let c(o) = -2*o**3 - 9*o**2 - 11*o + 11. Calculate c(p).
39
Let n(h) = 10*h. Suppose -3*t = -4*t - 5*r + 15, 5*t - 2*r = 21. Suppose -4*m + p - 8 = 0, -t*m + 2*m = p + 13. Determine n(m).
-30
Suppose -4*k - 2*i = 14, -5*k - 11 = 2*i + 4. Let p(d) = d**3 - d**2 - 2*d - 1. Let l be p(k). Let b(c) = 16*c + 10*c**3 - 16*c + 2*c**3. Give b(l).
-12
Let y(r) be the third derivative of 1/6*r**3 + 0 + 0*r - 1/60*r**5 + 3/8*r**4 + 275*r**2. What is y(11)?
-21
Suppose 2 = -5*t - 8, -t = 2*p - 152. Let h = -84 + p. Let z(m) be the second derivative of -m**4/12 - m**3 - 4*m. Give z(h).
-7
Let k(y) = -4*y**3 - y**2 + 23*y - 58. Let v(o) = -o**3 + 6*o - 17. Let m(t) = 3*k(t) - 11*v(t). What is m(-3)?
4
Let d(y) = -38*y + 189. Let j be -13 + 11 - (-51 + 44). What is d(j)?
-1
Let h be -5 + 72/6 - 4. Let c(s) = -12 + 4 - h*s - 1 + 6. What is c(-3)?
6
Let w(s) be the second derivative of 0 - 1/6*s**3 - 1/2*s**2 - 1/12*s**4 - 305*s. Determine w(-3).
